{"id":4660,"date":"2018-01-15T08:11:39","date_gmt":"2018-01-15T08:11:39","guid":{"rendered":"http:\/\/www.eco-schuhe.de\/?page_id=4660"},"modified":"2018-01-15T08:11:39","modified_gmt":"2018-01-15T08:11:39","slug":"fellbach","status":"publish","type":"page","link":"https:\/\/ECO-Schuhe.de\/?page_id=4660","title":{"rendered":"Fellbach"},"content":{"rendered":"\t\t<div data-elementor-type=\"wp-page\" data-elementor-id=\"4660\" class=\"elementor elementor-4660\">\n\t\t\t\t\t\t<section class=\"elementor-section elementor-top-section elementor-element elementor-element-e4e1783 elementor-section-boxed elementor-section-height-default elementor-section-height-default\" data-id=\"e4e1783\" data-element_type=\"section\">\n\t\t\t\t\t\t<div class=\"elementor-container elementor-column-gap-default\">\n\t\t\t\t\t<div class=\"elementor-column elementor-col-100 elementor-top-column elementor-element elementor-element-8191fcf\" data-id=\"8191fcf\" data-element_type=\"column\">\n\t\t\t<div class=\"elementor-widget-wrap elementor-element-populated\">\n\t\t\t\t\t\t<div class=\"elementor-element elementor-element-8176185 elementor-widget elementor-widget-spacer\" data-id=\"8176185\" data-element_type=\"widget\" data-widget_type=\"spacer.default\">\n\t\t\t\t<div class=\"elementor-widget-container\">\n\t\t\t\t\t\t\t<div class=\"elementor-spacer\">\n\t\t\t<div class=\"elementor-spacer-inner\"><\/div>\n\t\t<\/div>\n\t\t\t\t\t\t<\/div>\n\t\t\t\t<\/div>\n\t\t\t\t\t<\/div>\n\t\t<\/div>\n\t\t\t\t\t<\/div>\n\t\t<\/section>\n\t\t\t\t<section class=\"elementor-section elementor-top-section elementor-element elementor-element-63f3 elementor-section-full_width elementor-section-height-default elementor-section-height-default\" data-id=\"63f3\" data-element_type=\"section\">\n\t\t\t\t\t\t<div class=\"elementor-container elementor-column-gap-default\">\n\t\t\t\t\t<div class=\"elementor-column elementor-col-33 elementor-top-column elementor-element elementor-element-3dd6\" data-id=\"3dd6\" data-element_type=\"column\">\n\t\t\t<div class=\"elementor-widget-wrap elementor-element-populated\">\n\t\t\t\t\t\t<div class=\"elementor-element elementor-element-2bab elementor-widget elementor-widget-image\" data-id=\"2bab\" data-element_type=\"widget\" data-widget_type=\"image.default\">\n\t\t\t\t<div class=\"elementor-widget-container\">\n\t\t\t\t\t\t\t\t\t\t\t\t\t\t\t<img fetchpriority=\"high\" decoding=\"async\" width=\"885\" height=\"664\" src=\"https:\/\/ECO-Schuhe.de\/wp-content\/uploads\/2018\/02\/fellbach-1-1024x768.jpg\" class=\"attachment-large size-large wp-image-4866\" alt=\"\" srcset=\"http:\/\/ECO-Schuhe.de\/wp-content\/uploads\/2018\/02\/fellbach-1-1024x768.jpg 1024w, http:\/\/ECO-Schuhe.de\/wp-content\/uploads\/2018\/02\/fellbach-1-300x225.jpg 300w, http:\/\/ECO-Schuhe.de\/wp-content\/uploads\/2018\/02\/fellbach-1-768x576.jpg 768w, http:\/\/ECO-Schuhe.de\/wp-content\/uploads\/2018\/02\/fellbach-1.jpg 1280w\" sizes=\"(max-width: 885px) 100vw, 885px\" \/>\t\t\t\t\t\t\t\t\t\t\t\t\t\t\t<\/div>\n\t\t\t\t<\/div>\n\t\t\t\t\t<\/div>\n\t\t<\/div>\n\t\t\t\t<div class=\"elementor-column elementor-col-33 elementor-top-column elementor-element elementor-element-7892\" data-id=\"7892\" data-element_type=\"column\">\n\t\t\t<div class=\"elementor-widget-wrap elementor-element-populated\">\n\t\t\t\t\t\t<div class=\"elementor-element elementor-element-fad elementor-widget elementor-widget-text-editor\" data-id=\"fad\" data-element_type=\"widget\" data-widget_type=\"text-editor.default\">\n\t\t\t\t<div class=\"elementor-widget-container\">\n\t\t\t\t\t\t\t\t\t<p><strong>Willkommen bei ECO-Schuhe in Fellbach<br \/><\/strong> B\u00fchlstra\u00dfe 138<br \/>Rems-Murr-Center<br \/>70736 Fellbach<\/p><p><strong>Unser Team in Fellbach freut sich auf Sie!<br \/><\/strong>\u00d6ffnungszeiten:<\/p><table border=\"0\" width=\"163\"><tbody><tr><td>Mo. \u2013 Fr.<\/td><td>10:00 \u2013 18:00<\/td><\/tr><tr><td>Sa.<\/td><td>10:00 \u2013 16:00<\/td><\/tr><\/tbody><\/table><p><strong>Verkaufsoffener Sonntag:<\/strong><\/p><p>\u00a0<\/p>\t\t\t\t\t\t\t\t<\/div>\n\t\t\t\t<\/div>\n\t\t\t\t\t<\/div>\n\t\t<\/div>\n\t\t\t\t<div class=\"elementor-column elementor-col-33 elementor-top-column elementor-element elementor-element-68ad\" data-id=\"68ad\" data-element_type=\"column\">\n\t\t\t<div class=\"elementor-widget-wrap elementor-element-populated\">\n\t\t\t\t\t\t<div class=\"elementor-element elementor-element-7c54 elementor-widget elementor-widget-google_maps\" data-id=\"7c54\" data-element_type=\"widget\" data-widget_type=\"google_maps.default\">\n\t\t\t\t<div class=\"elementor-widget-container\">\n\t\t\t\t\t\t\t<div class=\"elementor-custom-embed\">\n\t\t\t<iframe loading=\"lazy\"\n\t\t\t\t\tsrc=\"https:\/\/maps.google.com\/maps?q=Eco%20Schuhe%20GmbH%2C%20B%C3%BChlstra%C3%9Fe%20138%2C%2070736%20Fellbach&#038;t=m&#038;z=15&#038;output=embed&#038;iwloc=near\"\n\t\t\t\t\ttitle=\"Eco Schuhe GmbH, B\u00fchlstra\u00dfe 138, 70736 Fellbach\"\n\t\t\t\t\taria-label=\"Eco Schuhe GmbH, B\u00fchlstra\u00dfe 138, 70736 Fellbach\"\n\t\t\t><\/iframe>\n\t\t<\/div>\n\t\t\t\t\t\t<\/div>\n\t\t\t\t<\/div>\n\t\t\t\t\t<\/div>\n\t\t<\/div>\n\t\t\t\t\t<\/div>\n\t\t<\/section>\n\t\t\t\t<section class=\"elementor-section elementor-top-section elementor-element elementor-element-e5daefb elementor-section-boxed elementor-section-height-default elementor-section-height-default\" data-id=\"e5daefb\" data-element_type=\"section\">\n\t\t\t\t\t\t<div class=\"elementor-container elementor-column-gap-default\">\n\t\t\t\t\t<div class=\"elementor-column elementor-col-100 elementor-top-column elementor-element elementor-element-699d46b\" data-id=\"699d46b\" data-element_type=\"column\">\n\t\t\t<div class=\"elementor-widget-wrap elementor-element-populated\">\n\t\t\t\t\t\t<div class=\"elementor-element elementor-element-65f3d41 elementor-widget elementor-widget-spacer\" data-id=\"65f3d41\" data-element_type=\"widget\" data-widget_type=\"spacer.default\">\n\t\t\t\t<div class=\"elementor-widget-container\">\n\t\t\t\t\t\t\t<div class=\"elementor-spacer\">\n\t\t\t<div class=\"elementor-spacer-inner\"><\/div>\n\t\t<\/div>\n\t\t\t\t\t\t<\/div>\n\t\t\t\t<\/div>\n\t\t\t\t\t<\/div>\n\t\t<\/div>\n\t\t\t\t\t<\/div>\n\t\t<\/section>\n\t\t\t\t<section class=\"elementor-section elementor-top-section elementor-element elementor-element-d71 elementor-section-full_width elementor-section-height-default elementor-section-height-default\" data-id=\"d71\" data-element_type=\"section\">\n\t\t\t\t\t\t<div class=\"elementor-container elementor-column-gap-default\">\n\t\t\t\t\t<div class=\"elementor-column elementor-col-100 elementor-top-column elementor-element elementor-element-7e2b\" data-id=\"7e2b\" data-element_type=\"column\">\n\t\t\t<div class=\"elementor-widget-wrap\">\n\t\t\t\t\t\t\t<\/div>\n\t\t<\/div>\n\t\t\t\t\t<\/div>\n\t\t<\/section>\n\t\t\t\t<\/div>\n\t\t","protected":false},"excerpt":{"rendered":"<p>Willkommen bei ECO-Schuhe in Fellbach B\u00fchlstra\u00dfe 138Rems-Murr-Center70736 Fellbach Unser Team in Fellbach freut sich auf Sie!\u00d6ffnungszeiten: Mo. \u2013 Fr. 10:00 \u2013 18:00 Sa. 10:00 \u2013 16:00 Verkaufsoffener Sonntag: \u00a0<\/p>\n","protected":false},"author":2,"featured_media":0,"parent":4628,"menu_order":0,"comment_status":"closed","ping_status":"closed","template":"","meta":{"footnotes":""},"class_list":["post-4660","page","type-page","status-publish","hentry","no-thumb"],"_links":{"self":[{"href":"https:\/\/ECO-Schuhe.de\/index.php?rest_route=\/wp\/v2\/pages\/4660","targetHints":{"allow":["GET"]}}],"collection":[{"href":"https:\/\/ECO-Schuhe.de\/index.php?rest_route=\/wp\/v2\/pages"}],"about":[{"href":"https:\/\/ECO-Schuhe.de\/index.php?rest_route=\/wp\/v2\/types\/page"}],"author":[{"embeddable":true,"href":"https:\/\/ECO-Schuhe.de\/index.php?rest_route=\/wp\/v2\/users\/2"}],"replies":[{"embeddable":true,"href":"https:\/\/ECO-Schuhe.de\/index.php?rest_route=%2Fwp%2Fv2%2Fcomments&post=4660"}],"version-history":[{"count":0,"href":"https:\/\/ECO-Schuhe.de\/index.php?rest_route=\/wp\/v2\/pages\/4660\/revisions"}],"up":[{"embeddable":true,"href":"https:\/\/ECO-Schuhe.de\/index.php?rest_route=\/wp\/v2\/pages\/4628"}],"wp:attachment":[{"href":"https:\/\/ECO-Schuhe.de\/index.php?rest_route=%2Fwp%2Fv2%2Fmedia&parent=4660"}],"curies":[{"name":"wp","href":"https:\/\/api.w.org\/{rel}","templated":true}]}}