{"id":4755,"date":"2018-01-23T14:58:20","date_gmt":"2018-01-23T14:58:20","guid":{"rendered":"http:\/\/www.eco-schuhe.de\/?page_id=4755"},"modified":"2018-01-23T14:58:20","modified_gmt":"2018-01-23T14:58:20","slug":"fuer-kids","status":"publish","type":"page","link":"https:\/\/ECO-Schuhe.de\/?page_id=4755","title":{"rendered":"f\u00fcr Kids"},"content":{"rendered":"\t\t<div data-elementor-type=\"wp-page\" data-elementor-id=\"4755\" class=\"elementor elementor-4755 elementor-bc-flex-widget\">\n\t\t\t\t\t\t<section class=\"elementor-section elementor-top-section elementor-element elementor-element-d9f0fec elementor-section-boxed elementor-section-height-default elementor-section-height-default\" data-id=\"d9f0fec\" data-element_type=\"section\">\n\t\t\t\t\t\t<div class=\"elementor-container elementor-column-gap-default\">\n\t\t\t\t\t<div class=\"elementor-column elementor-col-100 elementor-top-column elementor-element elementor-element-4006a30\" data-id=\"4006a30\" data-element_type=\"column\">\n\t\t\t<div class=\"elementor-widget-wrap elementor-element-populated\">\n\t\t\t\t\t\t<div class=\"elementor-element elementor-element-13a3e16 elementor-widget elementor-widget-spacer\" data-id=\"13a3e16\" data-element_type=\"widget\" data-widget_type=\"spacer.default\">\n\t\t\t\t<div class=\"elementor-widget-container\">\n\t\t\t\t\t\t\t<div class=\"elementor-spacer\">\n\t\t\t<div class=\"elementor-spacer-inner\"><\/div>\n\t\t<\/div>\n\t\t\t\t\t\t<\/div>\n\t\t\t\t<\/div>\n\t\t\t\t<div class=\"elementor-element elementor-element-45bb539 elementor-widget elementor-widget-text-editor\" data-id=\"45bb539\" data-element_type=\"widget\" data-widget_type=\"text-editor.default\">\n\t\t\t\t<div class=\"elementor-widget-container\">\n\t\t\t\t\t\t\t\t\t<h5><b>Damit nix dr\u00fcckt!<\/b><\/h5><p>F\u00fcr Sie als Eltern ist es eine gro\u00dfe Herausforderung die Schuhgr\u00f6\u00dfe f\u00fcr Ihr Kind zu bekommen. Schuhe d\u00fcrfen f\u00fcr die noch formbaren Kinderf\u00fc\u00dfe weder zu klein noch zu gro\u00df sein. Fu\u00dffehlstellungen, sogar H\u00fcft- oder R\u00fcckenprobleme k\u00f6nnen Sp\u00e4tfolgen falsch angepasster Schuhe sein.<\/p><p>Pro Jahr wachsen Kinderf\u00fc\u00dfe um zwei bis drei Gr\u00f6\u00dfen. Daher wird empfohlen alle drei Monate die Schuhgr\u00f6\u00dfe zu kontrollieren. Kinderschuhe m\u00fcssen richtig passen, damit sie den F\u00fc\u00dfchen Ihres Kindes den optimalen Halt und somit die gr\u00f6\u00dftm\u00f6gliche Sicherheit gew\u00e4hren.<\/p><p>Damit die Fu\u00dfmuskulatur optimal geschult wird, sollte ihr Baby allerdings die ersten Schritte barfu\u00df machen. Erst dann ist der richte Zeitpunkt f\u00fcr den ersten Schuh gekommen.<\/p><p>Wichtig ist das richtige Messen des Kinderfu\u00dfes! Kinderf\u00fc\u00dfe sind sehr empfindlich und beim Messen der F\u00fc\u00dfchen k\u00f6nnen ein paar Fehler gemacht werden. Um die optimale Passform zu bestimmen empfehlen wir daher einen Besuch in einer unserer Filialen, dort werden dann unsere geschulten Mitarbeiterinnen gerne das Messen f\u00fcr Sie \u00fcbernehmen.<\/p><p>Wenn Sie aber zu Hause die Schuhgr\u00f6\u00dfe ermitteln wollen, so k\u00f6nnen wir Ihnen das online Fu\u00dfmessger\u00e4t der Firma Ricosta w\u00e4rmstens empfehlen. Um den Fu\u00df richtig zu messen, sollte sich Ihr Kind hinstellen, denn durch das Gewicht wird der Fu\u00df gr\u00f6\u00dfer! Da dies aber am Bildschirm etwas Problematisch ist empfehlen wir ihr Kind auf ein Blatt Papier zu stellen, den Umriss des Fu\u00dfes zu ummalen, auszuschneiden und dann auf den Bildschirm zu legen um die Gr\u00f6\u00dfe einzustellen.<\/p><p>Ein Laufschuh (Gr. 18-24) sollte so gro\u00df sein, dass noch ca. 1cm Luft zwischen Zeh und Schuh ist. Bei gr\u00f6\u00dferen Kindern und Winterschuhen mit Fell darf auch etwas mehr Platz sein.<\/p><p>Bei der Anprobe achten Sie bitte darauf, dass ihr Kind die Zehen im Schuh streckt, hierzu streichen Sie mit der flachen Hand \u00fcber den Spann in Richtung der Zehen und ertasten Sie danach mit Daumen und Zeigefinger die Breite des Schuhs vom Mittelfu\u00df \u00fcber den Ballen bis zu den Zehen. Bei manchen Anbietern l\u00e4sst sich die Innensohle herausnehmen. Sie k\u00f6nnen dann Ihr Kind einfach auf die Sohle stellen und so die L\u00e4nge und Breite besser \u00fcberpr\u00fcfen. <br \/>Wichtig ist jedoch immer beide F\u00fc\u00dfe zu messen, da bei Kindern die F\u00fc\u00dfchen unterschiedlich schnell wachsen k\u00f6nnen.<\/p><p>In unseren ECO Filialen finden Sie ein umfangreiches Kinderschuh-Angebot. Beginnend bei Lauflernschuhen bis hin zu den angesagten Schuh-Trends f\u00fcr Kids und Teens.<\/p>\t\t\t\t\t\t\t\t<\/div>\n\t\t\t\t<\/div>\n\t\t\t\t\t<\/div>\n\t\t<\/div>\n\t\t\t\t\t<\/div>\n\t\t<\/section>\n\t\t\t\t<section class=\"elementor-section elementor-top-section elementor-element elementor-element-c5d6577 elementor-section-boxed elementor-section-height-default elementor-section-height-default\" data-id=\"c5d6577\" data-element_type=\"section\">\n\t\t\t\t\t\t<div class=\"elementor-container elementor-column-gap-default\">\n\t\t\t\t\t<div class=\"elementor-column elementor-col-100 elementor-top-column elementor-element elementor-element-a8e40e2\" data-id=\"a8e40e2\" data-element_type=\"column\" data-settings=\"{&quot;background_background&quot;:&quot;classic&quot;}\">\n\t\t\t<div class=\"elementor-widget-wrap elementor-element-populated\">\n\t\t\t\t\t\t<div class=\"elementor-element elementor-element-19a9eb0 elementor-widget elementor-widget-spacer\" data-id=\"19a9eb0\" data-element_type=\"widget\" data-widget_type=\"spacer.default\">\n\t\t\t\t<div class=\"elementor-widget-container\">\n\t\t\t\t\t\t\t<div class=\"elementor-spacer\">\n\t\t\t<div class=\"elementor-spacer-inner\"><\/div>\n\t\t<\/div>\n\t\t\t\t\t\t<\/div>\n\t\t\t\t<\/div>\n\t\t\t\t<div class=\"elementor-element elementor-element-fdc696b elementor-widget elementor-widget-heading\" data-id=\"fdc696b\" data-element_type=\"widget\" data-widget_type=\"heading.default\">\n\t\t\t\t<div class=\"elementor-widget-container\">\n\t\t\t\t\t<h5 class=\"elementor-heading-title elementor-size-default\"><b>WMS Garantiert hohe Qualit\u00e4t<\/b><\/h5>\t\t\t\t<\/div>\n\t\t\t\t<\/div>\n\t\t\t\t<div class=\"elementor-element elementor-element-4323dab elementor-widget elementor-widget-text-editor\" data-id=\"4323dab\" data-element_type=\"widget\" data-widget_type=\"text-editor.default\">\n\t\t\t\t<div class=\"elementor-widget-container\">\n\t\t\t\t\t\t\t\t\t<p>WMS ist ein Qualit\u00e4tssiegel, dass von dem Deutschen Schuhinstitut nur an qualifizierte Schuhhersteller vergeben wird.<\/p><p>Die speziellen WMS-Fu\u00dfmessger\u00e4te ermitteln eine kombinierte Gr\u00f6\u00dfe aus L\u00e4nge und Weite. Ebenfalls wird eine Zugabe zum Wachsen und ein Abrollen des Fu\u00dfes ber\u00fccksichtigt.<br \/><br \/><\/p>\t\t\t\t\t\t\t\t<\/div>\n\t\t\t\t<\/div>\n\t\t\t\t<section class=\"elementor-section elementor-inner-section elementor-element elementor-element-9fd5d3d elementor-section-boxed elementor-section-height-default elementor-section-height-default\" data-id=\"9fd5d3d\" data-element_type=\"section\">\n\t\t\t\t\t\t<div class=\"elementor-container elementor-column-gap-default\">\n\t\t\t\t\t<div class=\"elementor-column elementor-col-50 elementor-inner-column elementor-element elementor-element-7d6347f\" data-id=\"7d6347f\" data-element_type=\"column\">\n\t\t\t<div class=\"elementor-widget-wrap elementor-element-populated\">\n\t\t\t\t\t\t<div class=\"elementor-element elementor-element-cc1e2c5 elementor-widget elementor-widget-image\" data-id=\"cc1e2c5\" data-element_type=\"widget\" data-widget_type=\"image.default\">\n\t\t\t\t<div class=\"elementor-widget-container\">\n\t\t\t\t\t\t\t\t\t\t\t\t\t\t\t\t<a href=\"http:\/\/www.wms-schuh.de\">\n\t\t\t\t\t\t\t<img decoding=\"async\" width=\"191\" height=\"110\" src=\"https:\/\/ECO-Schuhe.de\/wp-content\/uploads\/2018\/01\/WMS-1.png\" class=\"attachment-large size-large wp-image-4768\" alt=\"\" \/>\t\t\t\t\t\t\t\t<\/a>\n\t\t\t\t\t\t\t\t\t\t\t\t\t\t\t<\/div>\n\t\t\t\t<\/div>\n\t\t\t\t\t<\/div>\n\t\t<\/div>\n\t\t\t\t<div class=\"elementor-column elementor-col-50 elementor-inner-column elementor-element elementor-element-0c9469f\" data-id=\"0c9469f\" data-element_type=\"column\">\n\t\t\t<div class=\"elementor-widget-wrap elementor-element-populated\">\n\t\t\t\t\t\t<div class=\"elementor-element elementor-element-02c95d8 elementor-widget elementor-widget-text-editor\" data-id=\"02c95d8\" data-element_type=\"widget\" data-widget_type=\"text-editor.default\">\n\t\t\t\t<div class=\"elementor-widget-container\">\n\t\t\t\t\t\t\t\t\t<p>Das WMS-System unterteilt in drei Gr\u00f6\u00dfen:<\/p><p>W= weit (f\u00fcr breite F\u00fc\u00dfe)<br \/>M = mittel (f\u00fcr mittelkr\u00e4ftige Fr\u00fc\u00dfe)<br \/>S = schmal (f\u00fcr schlanke F\u00fc\u00dfe)<\/p><p><a href=\"http:\/\/www.eco-schuhe.de\/wp-content\/uploads\/2020\/03\/Ricosta_Fussmessung.pdf\">Fussmessung<\/a><\/p>\t\t\t\t\t\t\t\t<\/div>\n\t\t\t\t<\/div>\n\t\t\t\t\t<\/div>\n\t\t<\/div>\n\t\t\t\t\t<\/div>\n\t\t<\/section>\n\t\t\t\t<div class=\"elementor-element elementor-element-45a6247 elementor-widget elementor-widget-text-editor\" data-id=\"45a6247\" data-element_type=\"widget\" data-widget_type=\"text-editor.default\">\n\t\t\t\t<div class=\"elementor-widget-container\">\n\t\t\t\t\t\t\t\t\t<p>WMS dient den Schuhherstellern als Richtlinie f\u00fcr gepr\u00fcfte Qualit\u00e4tsstandards (zB. Pr\u00fcfung auf Schadstoffe, Verarbeitung atmungsaktiver Materialien) und kinderfu\u00dfgerechte Passformen. Diese Schuhe haben eine hohe Passgenauigkeit, die einem ma\u00dfgeschneiderten Schuh sehr nahe kommt.<\/p><p>Unsere Mitarbeiterinnen nehmen an den WMS-Fortbildungsprogrammen teil. Somit k\u00f6nnen wir eine sehr gute Qualit\u00e4t bei der Beratung in unseren Filialen gew\u00e4hrleisten.<\/p>\t\t\t\t\t\t\t\t<\/div>\n\t\t\t\t<\/div>\n\t\t\t\t\t<\/div>\n\t\t<\/div>\n\t\t\t\t\t<\/div>\n\t\t<\/section>\n\t\t\t\t<section class=\"elementor-section elementor-top-section elementor-element elementor-element-5bac5e5 elementor-section-boxed elementor-section-height-default elementor-section-height-default\" data-id=\"5bac5e5\" data-element_type=\"section\">\n\t\t\t\t\t\t<div class=\"elementor-container elementor-column-gap-default\">\n\t\t\t\t\t<div class=\"elementor-column elementor-col-100 elementor-top-column elementor-element elementor-element-10db016\" data-id=\"10db016\" data-element_type=\"column\">\n\t\t\t<div class=\"elementor-widget-wrap elementor-element-populated\">\n\t\t\t\t\t\t<div class=\"elementor-element elementor-element-e6029f0 elementor-widget elementor-widget-spacer\" data-id=\"e6029f0\" data-element_type=\"widget\" data-widget_type=\"spacer.default\">\n\t\t\t\t<div class=\"elementor-widget-container\">\n\t\t\t\t\t\t\t<div class=\"elementor-spacer\">\n\t\t\t<div class=\"elementor-spacer-inner\"><\/div>\n\t\t<\/div>\n\t\t\t\t\t\t<\/div>\n\t\t\t\t<\/div>\n\t\t\t\t\t<\/div>\n\t\t<\/div>\n\t\t\t\t\t<\/div>\n\t\t<\/section>\n\t\t\t\t<\/div>\n\t\t","protected":false},"excerpt":{"rendered":"<p>Damit nix dr\u00fcckt! F\u00fcr Sie als Eltern ist es eine gro\u00dfe Herausforderung die Schuhgr\u00f6\u00dfe f\u00fcr Ihr Kind zu bekommen. Schuhe d\u00fcrfen f\u00fcr die noch formbaren Kinderf\u00fc\u00dfe weder zu klein noch zu gro\u00df sein. Fu\u00dffehlstellungen, sogar H\u00fcft- oder R\u00fcckenprobleme k\u00f6nnen Sp\u00e4tfolgen falsch angepasster Schuhe sein. Pro Jahr wachsen Kinderf\u00fc\u00dfe um zwei bis drei Gr\u00f6\u00dfen. Daher wird &hellip;<\/p>\n","protected":false},"author":2,"featured_media":0,"parent":4675,"menu_order":0,"comment_status":"closed","ping_status":"closed","template":"","meta":{"footnotes":""},"class_list":["post-4755","page","type-page","status-publish","hentry","no-thumb"],"_links":{"self":[{"href":"https:\/\/ECO-Schuhe.de\/index.php?rest_route=\/wp\/v2\/pages\/4755","targetHints":{"allow":["GET"]}}],"collection":[{"href":"https:\/\/ECO-Schuhe.de\/index.php?rest_route=\/wp\/v2\/pages"}],"about":[{"href":"https:\/\/ECO-Schuhe.de\/index.php?rest_route=\/wp\/v2\/types\/page"}],"author":[{"embeddable":true,"href":"https:\/\/ECO-Schuhe.de\/index.php?rest_route=\/wp\/v2\/users\/2"}],"replies":[{"embeddable":true,"href":"https:\/\/ECO-Schuhe.de\/index.php?rest_route=%2Fwp%2Fv2%2Fcomments&post=4755"}],"version-history":[{"count":0,"href":"https:\/\/ECO-Schuhe.de\/index.php?rest_route=\/wp\/v2\/pages\/4755\/revisions"}],"up":[{"embeddable":true,"href":"https:\/\/ECO-Schuhe.de\/index.php?rest_route=\/wp\/v2\/pages\/4675"}],"wp:attachment":[{"href":"https:\/\/ECO-Schuhe.de\/index.php?rest_route=%2Fwp%2Fv2%2Fmedia&parent=4755"}],"curies":[{"name":"wp","href":"https:\/\/api.w.org\/{rel}","templated":true}]}}